3322044 and 12156?
4052
Calculate the highest common factor of 301254012 and 324.
108
Calculate the greatest common divisor of 82277 and 291026407.
6329
Calculate the greatest common divisor of 353929078 and 1018.
1018
What is the greatest common factor of 89046132 and 1393?
1393
What is the highest common divisor of 680960 and 38570?
1330
Calculate the highest common divisor of 29178508 and 8.
4
Calculate the greatest common divisor of 38 and 26092795.
19
What is the highest common divisor of 1079580 and 3990?
570
Calculate the greatest common divisor of 486 and 393798753.
243
What is the greatest common divisor of 66222 and 34614?
18
What is the greatest common divisor of 5696 and 766143328?
2848
What is the greatest common divisor of 210658 and 252?
14
Calculate the highest common factor of 42593 and 834466.
223
What is the greatest common divisor of 4985 and 269496079?
997
What is the greatest common factor of 24603964 and 1564?
68
Calculate the highest common divisor of 10219 and 754457.
11
What is the highest common divisor of 126682540 and 20?
20
What is the highest common divisor of 8896 and 4778264?
1112
Calculate the highest common factor of 6476 and 210610853.
1619
What is the greatest common divisor of 6851 and 14039467?
221
Calculate the highest common factor of 15 and 57240720.
15
Calculate the highest common factor of 383331 and 3822.
39
What is the highest common divisor of 57 and 900525387?
57
What is the greatest common factor of 80325325 and 93375?
2075
Calculate the greatest common factor of 4035618 and 9.
9
Calculate the highest common divisor of 96064357 and 681.
227
Calculate the greatest common factor of 6422121 and 18.
9
Calculate the greatest common factor of 25 and 30451860.
5
What is the highest common divisor of 2219695 and 5?
5
What is the highest common divisor of 1128 and 467274?
282
What is the highest common factor of 63 and 86430681?
9
Calculate the greatest common divisor of 5128347 and 1729.
133
Calculate the greatest common factor of 17888 and 91208.
104
Calculate the highest common factor of 39412605 and 15.
15
What is the greatest common factor of 38 and 78127373?
19
What is the highest common factor of 1052064 and 47112?
312
What is the highest common factor of 199017 and 11453?
13
Calculate the highest common divisor of 48873 and 26301.
33
Calculate the greatest common divisor of 104509460 and 11.
11
Calculate the greatest common factor of 107910 and 349470.
990
What is the greatest common factor of 372777 and 45350?
907
Calculate the greatest common divisor of 705975968 and 32.
32
Calculate the greatest common factor of 1191705 and 60685.
265
What is the highest common divisor of 135 and 14156595?
45
Calculate the greatest common factor of 3576575 and 75.
25
What is the highest common divisor of 268092 and 2237796?
396
Calculate the greatest common divisor of 5593 and 135728.
17
What is the highest common divisor of 1190840 and 280?
280
What is the greatest common divisor of 920 and 243927144?
184
What is the greatest common factor of 47560 and 2900?
580
What is the greatest common factor of 249946512 and 10362?
942
Calculate the highest common divisor of 373728 and 716448.
1632
Calculate the highest common divisor of 2215620 and 4510.
110
Calculate the greatest common factor of 6 and 55856802.
6
Calculate the greatest common factor of 14221482 and 66.
66
Calculate the greatest common divisor of 60 and 10344210.
30
Calculate the highest common divisor of 2100 and 38138975.
175
What is the highest common factor of 80 and 2183248?
16
What is the greatest common divisor of 7278999 and 417599?
1183
What is the greatest common divisor of 78881 and 5564999?
1111
What is the highest common divisor of 2704 and 1289279368?
1352
What is the greatest common factor of 44849 and 113176?
301
Calculate the highest common divisor of 96395 and 15405.
65
Calculate the greatest common factor of 4375 and 265349.
7
Calculate the greatest common factor of 4368364 and 1669668.
4004
What is the greatest common factor of 5208740 and 100?
20
What is the highest common factor of 998446 and 92466?
934
Calculate the greatest common factor of 3536 and 215871916.
884
What is the greatest common factor of 321483 and 2269479?
3183
Calculate the highest common divisor of 79910 and 480770.
1310
Calculate the highest common divisor of 145175 and 30550.
25
Calculate the highest common divisor of 21739733 and 1397.
127
Calculate the greatest common factor of 846 and 107912.
94
Calculate the highest common factor of 1980030 and 4095.
195
Calculate the highest common factor of 114119158 and 5773.
251
What is the greatest common factor of 5680880 and 60?
20
Calculate the greatest common divisor of 10727770 and 7890.
2630
What is the highest common divisor of 281388 and 1120836?
1572
What is the greatest common factor of 896008 and 78772?
188
Calculate the greatest common factor of 1203584 and 11512.
8
Calculate the greatest common factor of 2618 and 4830601.
17
Calculate the greatest common divisor of 660363450 and 450.
150
Calculate the greatest common divisor of 667440 and 6465.
15
What is the highest common factor of 2489344 and 8888?
88
What is the highest common factor of 86782985 and 2290?
1145
What is the greatest common divisor of 10402686 and 168?
42
Calculate the greatest common divisor of 14164354 and 3914.
206
Calculate the greatest common divisor of 4452129 and 99.
99
Calculate the highest common divisor of 73344879 and 7506.
3753
Calculate the highest common divisor of 13981 and 14309.
41
What is the greatest common factor of 690924 and 444?
12
Calculate the highest common divisor of 11864 and 16288.
8
Calculate the highest common factor of 460 and 59524.
92
What is the highest common factor of 2355 and 264504965?
785
What is the greatest common factor of 3308072 and 1984?
248
Calculate the highest common factor of 378742 and 63686.
14
What is the highest common divisor of 252 and 21126042?
126
What is the highest common divisor of 83555 and 68255?
85
What is the highest common factor of 223018232 and 8?
8
What is the highest common divisor of 1281 and 3911733?
21
Calculate the greatest common divisor of 112088 and 22472.
8
Calculate the highest common divisor of 9008320 and 448.
64
What is the greatest common factor of 45397 and 216490039?
4127
What is the highest common factor of 223880 and 63510?
290
What is the greatest common divisor of 4 and 183931388?
4
Calculate the highest common factor of 3417 and 354162.
201
Calculate the greatest common divisor of 3900165 and 1260.
15
What is the highest common factor of 199423 and 12803?
217
What is the highest common divisor of 192687940 and 1670?
1670
Calculate the greatest common divisor of 17036 and 6716.
4
Calculate the greatest common factor of 8187197 and 19.
1
Calculate the greatest common divisor of 36 and 87930135.
9
What is the greatest common factor of 3854 and 153589608?
3854
What is the highest common divisor of 38591 and 136987024?
5513
What is the greatest common divisor of 3209 and 5312053449?
3209
Calculate the greatest common factor of 10967802 and 17586.
5862
Calculate the greatest common divisor of 15246 and 14399.
847
What is the highest common factor of 1641911 and 3274?
1637
Calculate the greatest common divisor of 79521 and 12207.
39
Calculate the highest common factor of 80711960 and 280.
280
What is the greatest common factor of 118 and 141225881?
59
Calculate the greatest common factor of 3757663 and 1989.
221
What is the highest common divisor of 591433 and 179392?
2803
What is the greatest common divisor of 792 and 131350428?
396
Calculate the highest common factor of 4170 and 1015100.
10
What is the highest common factor of 42 and 56957019?
21
Calculate the greatest common divisor of 58096203 and 528.
33
What is the highest common factor of 53118 and 910724?
454
What is the greatest common factor of 38364690 and 92690?
2990
What is the highest common factor of 2932 and 2663346704?
2932
Calculate the greatest common factor of 126384668 and 145.
29
What is the greatest common factor of 49644994 and 2226?
742
What is the highest common divisor of 2070389 and 3426539?
9041
What is the highest common factor of 2737584120 and 74?
74
What is the highest